umber?
True
Is 1712459 composite?
True
Is 899729 prime?
False
Is 10969369 a prime number?
False
Is 126497841 composite?
True
Is 48645683 a composite number?
True
Is 739327 composite?
False
Is 6443389 a prime number?
True
Is 24233203 a prime number?
False
Is 60982063 a composite number?
False
Is 266945971 composite?
False
Is 50196401 prime?
True
Is 5022161 prime?
False
Is 107252429 a prime number?
False
Is 2417243 composite?
False
Is 3923711 composite?
True
Is 1303189 prime?
True
Is 35499389 a composite number?
True
Is 556721107 a composite number?
True
Is 2842103 composite?
True
Is 22194899 a composite number?
True
Is 13075469 a prime number?
False
Is 67500739 composite?
False
Is 1382509 prime?
False
Is 77121683 composite?
False
Is 1239053 prime?
False
Is 7094267 prime?
False
Is 1908509 a prime number?
False
Is 25298803 a composite number?
False
Is 295861 composite?
False
Is 1565423 composite?
True
Is 9879329 a prime number?
False
Is 3491531 a prime number?
False
Is 6621691 composite?
False
Is 24612629 prime?
False
Is 36582587 composite?
False
Is 93617999 prime?
False
Is 12789613 a prime number?
False
Is 201556799 composite?
False
Is 49869163 a composite number?
False
Is 33923897 a prime number?
False
Is 26143907 a composite number?
False
Is 546021937 a prime number?
False
Is 46759205 prime?
False
Is 66791 a composite number?
False
Is 7259407 prime?
True
Is 5321263 a prime number?
True
Is 5075291 a composite number?
True
Is 7952137 a prime number?
False
Is 2221459 a prime number?
True
Is 1116133 a prime number?
True
Is 412304149 composite?
False
Is 757295083 a composite number?
True
Is 68411923 a prime number?
False
Is 6293993 composite?
True
Is 319746607 composite?
True
Is 1031081 prime?
True
Is 76194169 composite?
True
Is 63418013 composite?
False
Is 1044682259 a composite number?
True
Is 338339 a composite number?
False
Is 37467187 a composite number?
False
Is 48353687 composite?
False
Is 7193297 prime?
True
Is 1357663 a composite number?
True
Is 6552341 composite?
False
Is 10497173 prime?
False
Is 8784977 prime?
False
Is 56522677 a prime number?
True
Is 30707407 a composite number?
True
Is 1039603 composite?
False
Is 1440553 prime?
True
Is 9626767 composite?
False
Is 2651237 a prime number?
True
Is 48244873 composite?
False
Is 217767737 a composite number?
True
Is 50264509 prime?
True
Is 3302461 prime?
False
Is 44141821 a composite number?
False
Is 5294687 prime?
False
Is 89980613 prime?
False
Is 1013645 a prime number?
False
Is 59495323 a prime number?
False
Is 44404441 a composite number?
True
Is 97050257 prime?
False
Is 73424629 composite?
False
Is 12171751 a prime number?
True
Is 3198883 prime?
True
Is 11580185 a composite number?
True
Is 126611453 prime?
False
Is 1651891 a composite number?
False
Is 54185227 composite?
False
Is 4759543 a prime number?
True
Is 5574043 composite?
False
Is 861796757 composite?
False
Is 379461499 a composite number?
False
Is 492377 a prime number?
True
Is 317171 a composite number?
False
Is 64549081 a prime number?
True
Is 1407443 a prime number?
False
Is 21866791 composite?
True
Is 14837563 a prime number?
False
Is 8461187 prime?
False
Is 131525143 a composite number?
False
Is 134639459 prime?
True
Is 8937373 composite?
False
Is 1530253 prime?
False
Is 257160549 composite?
True
Is 5203883 prime?
True
Is 36138237 a composite number?
True
Is 98590627 composite?
True
Is 6325469 prime?
False
Is 368521819 composite?
False
Is 268026973 a prime number?
True
Is 29125703 a composite number?
True
Is 1271747 composite?
False
Is 25782817 a prime number?
True
Is 2046643 prime?
False
Is 508709 a composite number?
False
Is 476891 composite?
False
Is 568653707 a prime number?
False
Is 282329 a composite number?
True
Is 1583354809 a prime number?
True
Is 14107 prime?
True
Is 7520347 a prime number?
True
Is 21287527 a composite number?
True
Is 1328647 prime?
True
Is 6025961 prime?
True
Is 120601 composite?
True
Is 51715243 prime?
False
Is 6219938 composite?
True
Is 1032907 a prime number?
False
Is 1507621 a prime number?
False
Is 6001913 a composite number?
True
Is 1443187 prime?
False
Is 48402353 a prime number?
True
Is 3627115 a composite number?
True
Is 13040201 a composite number?
True
Is 3931159 a composite number?
False
Is 154083383 composite?
True
Is 1633447 prime?
True
Is 16156591 a composite number?
True
Is 256427 a composite number?
True
Is 1147669 prime?
True
Is 37501717 a prime number?
False
Is 14579291 composite?
False
Is 1663681 a prime number?
True
Is 9467303 a composite number?
True
Is 247992713 a composite number?
False
Is 197099171 a prime number?
True
Is 8607163 prime?
True
Is 135373549 composite?
False
Is 7063897 prime?
True
Is 1980763 prime?
True
Is 2977549 a prime number?
True
Is 13619159 composite?
True
Is 27407479 a prime number?
False
Is 6228413 a composite number?
False
Is 195849601 a composite number?
True
Is 8008859 a composite number?
False
Is 2696663 a composite number?
False
Is 552047 a composite number?
False
Is 247667 prime?
False
Is 15173887 a composite number?
True
Is 887983 composite?
True
Is 4951283 a prime number?
False
Is 5855527 a composite number?
False
Is 159430991 a composite number?
False
Is 104041061 composite?
False
Is 125471209 composite?
False
Is 27233777 a prime number?
True
Is 14184473 a composite number?
False
Is 19986301 composite?
True
Is 177001 a prime number?
False
Is 6790189 a composite number?
True
Is 28861979 composite?
False
Is 165543097 a composite number?
False
Is 749149 a prime number?
True
Is 39336757 composite?
True
Is 12284663 a prime number?
True
Is 3038513 prime?
True
Is 7295279 prime?
True
Is 4646923 a prime number?
True
Is 404597 prime?
True
Is 1364327155 composite?
True
Is 67720099 composite?
True
Is 9011839 composite?
True
Is 17962351 a prime number?
False
Is 985355179 prime?
True
Is 884052685 composite?
True
Is 2887967 composite?
True
Is 870431 composite?
False
Is 7655854 prime?
False
Is 15964919 composite?
False
Is 67523657 a composite number?
True
Is 2540366 a prime number?
False
Is 52068913 a composite number?
True
Is 1546799 prime?
True
Is 29713013 composite?
True
Is 5307299 prime?
False
Is 28493 composite?
False
Is 7069313 composite?
False
Is 30319501 a prime number?
False
Is 30210493 prime?
True
Is 332227339 a prime number?
False
Is 30347519 a prime number?
True
Is 3420359 composite?
True
Is 8724367 a prime number?
False
Is 2129861 a prime number?
True
Is 2653478 composite?
True
Is 3819943 prime?
True
Is 344548951 composite?
False
Is 697858913 a composite number?
False
Is 4115407 prime?
True
Is 2639669 a composite number?
False
Is 1341839 composite?
False
Is 62025067 a composite number?
True
Is 26560747 a prime number?
False
Is 179515543 a composite number?
True
Is 117974491 composite?
True
Is 188221339 a composite number?
True
Is 22171637 prime?
True
Is 301340101 a composite number?
False
Is 457937 prime?
False
Is 1509619 prime?
False
Is 212489873 a prime number?
False
Is 1205843 composite?
False
Is 7564457 prime?
True
Is 2166673 prime?
True
Is 200400421 composite?
True
Is 13259291 a composite number?
True
Is 207820859 a composite number?
False
Is 19147393 a prime number?
False
Is 13130147 a composite number?
False
Is 33003521 composite?
False
Is 17483423 a prime number?
False
Is 1703203 prime?
True
Is 12724057 a composite number?
False
Is 169137043 a composite number?
False
Is 30423773 a composite number?
False
Is 122413 composite?
True
Is 2756027 a composite number?
True
Is 22312399 a composite number?
True
Is 11993171 composite?
False
Is 94777127 prime?
False
Is 18015091 composite?
False
Is 25916771 a composite number?
False
Is 991733 a prime number?
True
Is 157819559 a composite number?
False
Is 64669 a composite number?
True
Is 20775121 prime?
True
Is 18068581 composite?
True
Is 117179189 prime?
False
Is 172653517 prime?
True
Is 202245689 a prime number?
True
Is 9598301 prime?
True
Is 543667 prime?
False
Is 946339 a composite number?
True
Is 26887723 composite?
False
Is 17068223 a composite number?
True
Is 51891751 composite?
False
Is 2098231 a prime number?
False
Is 5523163 a prime number?
False
Is 1345681 prime?
False
Is 71992021 a prime number?
False
Is 22015283 composite?
True
Is 114368869 prime?
True
Is 21343129 a prime number?
T